or of q and 18?
6
Let v = 24 + -16. Calculate the highest common divisor of 20 and v.
4
Suppose 36 = t + 5*m, -4*t = -0*m + m - 106. What is the highest common divisor of 39 and t?
13
Let m(c) = c**2 + 56. Let w be m(0). Let f = 1 - 2. Let b = 8 + f. What is the highest common divisor of w and b?
7
Let q(y) = y**2 - 2*y + 2. Let s be q(3). Let o be 34 - 5/(s/(-2)). Calculate the highest common factor of 4 and o.
4
Let p be (5 + -1)*(-6)/(-8). Suppose 0*n - 2*n = -p*l + 97, 5*l = n + 157. Calculate the greatest common divisor of l and 62.
31
Let m(u) = u - 3*u + 7*u + 7 - 4*u. Let z be m(-3). Calculate the greatest common factor of z and 36.
4
Let c(j) = -j + 37. Let d be c(15). Calculate the highest common factor of 33 and d.
11
Let u be ((-4)/(-4))/(4/200). What is the greatest common divisor of 20 and u?
10
Let b = -1 - -14. Let o = 64 - 25. What is the greatest common divisor of b and o?
13
Suppose 3*b + 39 = 3*z - 144, -4 = 4*b. What is the greatest common divisor of 12 and z?
12
Let a be (-10)/(-3)*(-144)/(-10). Let d be (-2)/7 - 4/(-14). Suppose d = 2*i - 13 - 11. What is the highest common factor of a and i?
12
Suppose l + 26 = 3*l. What is the greatest common factor of l and 39?
13
Suppose -3*f - 5*n = -54, -3*f - 3*n = -0*f - 60. Let j = f - 13. What is the greatest common factor of j and 70?
10
Let j be (-378)/(-28) + 2/(-4). What is the highest common divisor of 13 and j?
13
Let i = -52 + 171. Calculate the highest common factor of 34 and i.
17
Let w(g) = 74*g - 2. Let c be w(2). Suppose 5*m + 172 = 3*m. Let i = m + c. What is the highest common factor of 24 and i?
12
Suppose -7*u = -11 - 17. Suppose 2*b = -t + 286, 2*b = -b + 3*t + 438. Suppose 0*r + b = 4*r. What is the highest common divisor of r and u?
4
Suppose 23 = p + a, -3*p + 6*p = -4*a + 65. Calculate the greatest common divisor of p and 3.
3
Let s be (-1)/(3/(-45) + 0). What is the highest common divisor of s and 15?
15
Let h = 173 - 165. Calculate the greatest common divisor of h and 8.
8
Suppose 0 = 4*r + 4*o - 8, -11*o - 41 = -3*r - 7*o. Calculate the greatest common divisor of 56 and r.
7
Suppose 153 = l - 0*l. Calculate the highest common factor of l and 17.
17
Suppose -k = 3*q - 9 - 10, -k = 4*q - 24. Suppose 15 + 0 = 3*u. Calculate the greatest common divisor of u and q.
5
Suppose -97 = -x + 5*i, 4*i + 272 = 3*x - 63. Suppose 0*u - 4*r = 4*u - 48, 3*u = 5*r + 44. Calculate the highest common divisor of u and x.
13
Let m = -5 - -5. Suppose -2*r + 4*c + 40 = -0*r, m = -4*c - 12. Suppose -i - 2*u = -7*u - 117, 446 = 4*i + 2*u. What is the greatest common divisor of i and r?
14
Let x(n) = 3*n**2 - 6*n + 6. Let q be x(4). What is the highest common factor of q and 12?
6
Suppose 5*y - 236 - 69 = 0. Suppose 3*t - d = y, -t - t - 3*d = -48. Calculate the greatest common divisor of 147 and t.
21
Let m(b) = -b**2 - 28*b + 5 + 28*b. Suppose 3*h + 0*h = 0. Let t be m(h). Calculate the greatest common factor of 10 and t.
5
Let a = -3 + 8. Suppose 2*k - o = 11, 6*k - a*o - 31 = 4*k. Calculate the greatest common factor of 3 and k.
3
Let u be ((-5)/(-3))/(30/36). What is the highest common factor of u and 6?
2
Let y(i) = -i**3 + 11*i**2 + i - 7. Let w be y(11). Suppose 9*p - w*p + 2*h - 54 = 0, 3*p - 5*h - 20 = 0. Calculate the greatest common factor of p and 90.
10
Let r(z) = 9*z - 5. Let v be r(3). What is the greatest common divisor of 88 and v?
22
Suppose -3*o = 2*h - 24, -2*o = -5*h + o + 39. Let w = 399 - 318. Calculate the greatest common divisor of w and h.
9
Let z(s) = -15*s - 10. Let o be 3/(-1 + 3/12). Let r be z(o). Calculate the highest common divisor of r and 10.
10
Let w(m) = -m**2 - 15*m - 11. Let j be w(-14). Calculate the highest common factor of 12 and j.
3
Suppose -2*k - 28 = -5*p, 5*p = -2*k - 3*k + 35. Suppose -p*t + 4*t + 200 = 0. What is the highest common divisor of 25 and t?
25
Suppose -2*u + 4*c + 0*c = -76, -3*u = 5*c - 92. Calculate the greatest common factor of u and 34.
34
Let s = 2 - -8. Let o be 52/10 + (-2)/s. Let k be 6/(((-6)/o)/(-3)). Calculate the highest common factor of 5 and k.
5
Let b = -399 - -570. Calculate the greatest common divisor of 19 and b.
19
Suppose 0 = -5*r - 5*o + 195, -5*r + 183 = 4*o - 3*o. Suppose -w = w - r. Calculate the greatest common factor of 2 and w.
2
Suppose f - 4*j - 2 = -7*j, -4*f + 2*j = 20. Let o(h) = h**2 + h. Let i be o(f). Calculate the highest common factor of i and 6.
6
Let m = -36 - -113. Let l = 5 + -3. Suppose k - 18 = l*k + 5*q, -5*k = -3*q - 50. What is the greatest common factor of k and m?
7
Let a = -4 - -41. What is the highest common divisor of a and 407?
37
Let q(v) = 10*v + 11. Let g be q(1). What is the greatest common factor of 14 and g?
7
Let c be (-1176)/(-15) - (-2)/(-5). Suppose 0 = -2*u + c - 18. Let s be (-1)/((-3)/10)*3. What is the greatest common factor of s and u?
10
Suppose -3*t - t + 68 = 0. Let r(o) = -21*o + 19. Let c(b) = -9*b**2 + 1. Let h be c(-1). Let m be r(h). Calculate the highest common divisor of m and t.
17
Let s be 87/(-15) + (-3)/15. Let o(f) = -f**2 - 6 + 4*f**2 - 5*f + 2*f. Let q be o(s). What is the greatest common factor of 15 and q?
15
Let b be (-1)/(-2) + 2/4. Let i = 1 + b. Suppose -4*j + 16 = -3*j. What is the greatest common divisor of i and j?
2
Suppose -4*j + 4 = -w - 0*j, -4*j + 36 = w. Calculate the highest common divisor of 40 and w.
8
Let i(x) = 3*x**2 - 9*x + 12. Let t be i(5). Calculate the highest common factor of 6 and t.
6
Let h = 28 - -27. Let y(n) = n**2 - 4*n - 7. Let s be y(6). Suppose -5*c + 0*x - 5*x + h = 0, -2*x = s*c - 49. What is the highest common divisor of c and 45?
9
Let l be (-2 + -8)/(2/(-5)). What is the greatest common divisor of l and 225?
25
Let d = 10 - 10. Suppose 0 = -d*w - 3*w + 48. Calculate the greatest common factor of 144 and w.
16
Suppose -5*v + 2 = -13. Let w(q) = -2*q - v*q - 6 + 1. Let l be w(-9). What is the greatest common factor of 16 and l?
8
Suppose 4*v + 0*v + 24 = 0. Let y(p) = -p**3 - 6*p**2 - p + 2. Let g be y(v). Suppose x = 12 - 4. What is the highest common factor of g and x?
8
Let x(z) = z**2. Let h be x(-6). Let t be (21/28*4)/(1/6). What is the greatest common divisor of t and h?
18
Suppose -5*o + 206 + 234 = 0. What is the greatest common divisor of o and 22?
22
Let x be -4 - -1 - (-21 + 4 + -7). What is the greatest common divisor of x and 7?
7
Let l(g) = 9*g - 45. Let r be l(10). Calculate the highest common factor of r and 18.
9
Let i = 7 - 4. Suppose z = -5*t - i*z + 30, 25 = 2*t - z. Suppose -l + 3 = -t. Calculate the greatest common factor of 39 and l.
13
Suppose 3*z = -o - 8, 0*o + 10 = -3*o - 2*z. Let d(u) = -7*u**2 - 2*u. Let p be d(o). Let a = p - -35. Calculate the greatest common factor of a and 33.
11
Suppose -2*h = h - 18. Suppose 3*z = 29 - 11. Let x be z*3/(h/22). Calculate the highest common factor of 6 and x.
6
Suppose 60 = 3*j + j. What is the highest common divisor of 10 and j?
5
Let h be -50 - (-1 + (-5 - -3)). Let t = 69 + h. What is the highest common factor of 55 and t?
11
Let m be ((-8)/3 + 3)*15. Suppose g - 8 = -o + 3*o, m*o + 13 = -g. Suppose -g*t = 10, -160 = -2*c - 5*t + t. What is the highest common factor of 10 and c?
10
Suppose -5*q = -4*q - 19. Suppose -8 - q = 3*u. Let o = u - -17. Calculate the highest common factor of 64 and o.
8
Let t be 12*(0 - (-1)/2). Let x be 440/t*(-6)/(-2). Calculate the greatest common factor of 20 and x.
20
Suppose 2*f - 154 = -0*f. Let v be ((44*-1)/4)/(-1). What is the greatest common factor of v and f?
11
Let s(z) = z**3 + z + 4. Let h be s(0). Suppose j - 7 = -0*j + 5*w, 2*w + 2 = 0. Suppose -j*x + 8 = -x. Calculate the highest common divisor of h and x.
4
Let f(i) = 31*i**2 + 4. Let j be f(2). What is the greatest common factor of j and 16?
16
Let t be 1/(-3) - 147/(-9). What is the highest common divisor of 48 and t?
16
Let i be 11 + (-2 - (-4 - -3)). What is the highest common factor of 90 and i?
10
Suppose 45 = 2*d + 3*d. Suppose 2*w - d = 11. Suppose w*y = 9*y + 11. What is the greatest common divisor of y and 110?
11
Let i(j) = j - 11. Let w be i(5). Let p(x) = x**3 + 8*x**2 - 2*x + 7. Let d be p(w). Let m = 2 - -11. What is the greatest common divisor of m and d?
13
Let n(h) = 2*h + 1 - 5*h**2 - 3 + 10 + h**3. Let o be n(6